3357 - 387, 0 = 4*x - 4*n - 2996. Let f = x + -180. What is the tens digit of f?
6
Let b(p) = -1131*p + 6627. What is the units digit of b(-60)?
7
Let j(u) = -559*u + 184. What is the thousands digit of j(-10)?
5
Let c(y) = 1830*y**2 + 28*y + 1. What is the hundreds digit of c(-1)?
8
What is the hundreds digit of (1/(-1) + 32/12)*(-419346)/(-10)?
8
Let p(y) = -3*y**3 - 3*y**2 + 3*y + 8. Let n be p(-2). Let j be 362/3 + (-4)/6. Let c = j + n. What is the units digit of c?
4
Suppose -12366 - 30230 = -4*r + 11388. What is the ten thousands digit of r?
1
What is the units digit of (((-15)/(-60))/(5/71432))/(2/10)?
8
Let z = -317 - -315. What is the units digit of (1 + 11/z)*-12?
4
Let r be (345/46)/(2/(-20)). What is the tens digit of ((-72)/20)/(3/r)?
9
Let i(s) = 10*s - 43. Let c be i(7). Suppose c*g = 23*g + 1692. What is the units digit of g?
3
What is the hundreds digit of ((-449883)/(-444))/(6/256)?
2
Let d = -31581 + 49059. What is the units digit of d?
8
Suppose -157*v + 3449883 - 2513761 = -2928747. What is the units digit of v?
7
Suppose -y - 24 = -4*u, u - 11 = y - 2. Suppose 0 = u*x + c - 1379, x + 0*x + 2*c - 283 = 0. What is the units digit of x?
5
Let w(u) = -87*u + 24. Let i be w(4). Let g = -59 - i. What is the hundreds digit of g?
2
Suppose -2*b - 10 = 0, -g + 2*b - 4*b + 1664 = 0. Suppose -9*o = -4*o - 10, g = 2*c + 3*o. What is the tens digit of c?
3
Let w = 4811 + 2184. What is the thousands digit of w?
6
What is the units digit of 6 - 7/((-42)/30978)?
9
Let j be 58/6 + (-4)/6. Let s(t) = -t**3 + 7*t**2 + 11*t + 4. Let r be s(j). Let o = r - -87. What is the tens digit of o?
2
Let v(k) = -508*k + 11. Let s be v(-4). Suppose 7*j - 4*j + s = 5*m, 4*m + j = 1648. What is the units digit of m?
1
What is the units digit of 4578 + (-6)/(2/(-8) - -1)?
0
Suppose -1 = r, -10 + 8 = -t + 5*r. Let i(o) = 3*o**2 + 8*o + 1. What is the units digit of i(t)?
4
Suppose -23*a + 2099 - 144 = 0. Suppose 5*n - 155 = a. What is the tens digit of n?
4
Let h(d) = -d**3 - 12*d**2 - 12*d + 18. Let l be (-9)/27*45/(0 - -1). What is the units digit of h(l)?
3
Let q(h) = 6*h - 51. Let d be q(8). What is the units digit of (6/8)/(d/(-3996))?
9
Let i = -23 + 21. Let y be (0/4 - -323) + i. Suppose -112 = -p - m + 3*m, m + y = 3*p. What is the hundreds digit of p?
1
Suppose 5*q + 2*a + 2251 = 0, 4*q = 2*q + a - 895. Let w = 880 + q. What is the units digit of w?
1
Let n be (2/1)/(9/((-216)/(-16))). Let f be n - (-1)/(-1)*3/(-3). Suppose -768 = -0*i - f*i. What is the units digit of i?
2
Let j = 60 - 12. Let b = 237 - j. What is the tens digit of b?
8
Let l(f) be the second derivative of 17/6*f**3 + 0 + 1/12*f**4 + 6*f**2 - 13*f. What is the units digit of l(-21)?
6
Let v = -145 + 150. Let u(k) be the second derivative of k**4/3 + k**3/3 + 11*k**2 - 11*k. What is the tens digit of u(v)?
3
Let x be 364/39*36/14. What is the hundreds digit of x*((-820)/(-8))/(-5)*-1?
4
Suppose -156*f = -93*f - 241101. What is the tens digit of f?
2
Suppose -42*g + 392 = -41*g. Let r = g - 365. What is the units digit of r?
7
Suppose -11*v - 3519 = -64633 + 4200. What is the units digit of v?
4
Let c(n) = 67*n - 15. Let u be c(-3). Let t = 547 + u. What is the units digit of t?
1
Let d be -2*(2/8)/(16/(-608)). Let u(r) = -r**2 - 13*r + 11. Let s(f) = 4*f**2 + 38*f - 34. Let o(c) = 2*s(c) + 7*u(c). What is the tens digit of o(d)?
8
Let n = -133 + 208. Let x = n - 1. What is the units digit of x?
4
What is the thousands digit of ((-47662216)/84)/(-37)*6?
2
Suppose 5*m = 3*t + 38138, t + 30511 = 4*m - 2*t. What is the units digit of m?
7
Suppose 3*g = 290 - 29. What is the units digit of (32/(-12))/((-2)/g)?
6
Let r = 35995 + -20853. What is the ten thousands digit of r?
1
What is the thousands digit of (-6)/4 + -930*(-4 - 4/16)?
3
Suppose -16*z = 25*z. Let m(k) = -16*k + 793. What is the hundreds digit of m(z)?
7
Let v = -215 - -813. Suppose 19*p = 941 + v. What is the units digit of p?
1
What is the tens digit of 5/(-1)*(2973/(-6) - (-54)/(-180))?
7
Suppose 4*r = 19 + 13. Let i be 7/(7/r) + -3. Suppose -i*d + 3*c = -539, -2*d + 2*c = -146 - 68. What is the tens digit of d?
0
Let o(c) be the second derivative of 0 - 4*c**2 - 9*c - 5/6*c**3. What is the units digit of o(-14)?
2
Let f(m) be the first derivative of 7*m**4/3 - m**3/3 + m**2/2 + 7*m - 25. Let s(a) be the first derivative of f(a). What is the tens digit of s(-2)?
1
Let w(q) be the second derivative of 45*q**3/2 - 2*q**2 - 6*q. What is the hundreds digit of w(1)?
1
Let b(d) = -336*d + 253. What is the units digit of b(-14)?
7
Let b(r) = -3*r**3 + 11*r**2 + 14*r + 20. What is the thousands digit of b(-15)?
2
Suppose 10*z = -0*z + 170. Suppose -r = 5*n + z, -2*n - 14 = 2*n + r. What is the units digit of 43*(n - -6) - -4?
3
Let u = -475 - -693. Let h = u + -97. Suppose -2*y - 4*z + h = -y, 0 = 3*y - 4*z - 283. What is the hundreds digit of y?
1
Let l(v) = -2*v - 3 - 126*v**2 + 0*v + 128*v**2. Let b be l(-2). What is the units digit of (-3)/b + (-304)/(-12)?
5
Let j(y) = y**3 + 18*y**2 + 62*y - 30. Let w be j(-13). Suppose w*o - 5782 = -49. What is the hundreds digit of o?
6
Suppose -3*l - 14 = -2*p, -3*p = 3*l - 3 + 12. What is the tens digit of ((-45)/(-27))/((p - 3)/(-150))?
2
Let k = 45068 - 29412. What is the units digit of k?
6
Suppose 0 = -3*k + 12*k - 1836. Suppose k = -17*n + 21*n. Let r = 143 - n. What is the units digit of r?
2
Let w be (-795)/(-13) + (-89)/(-13) + -7. Suppose w*y - 282 = 58*y. What is the units digit of y?
4
Let b(w) = 2*w**2 + 7*w - 5. Let r be b(3). Suppose -r = -2*m + 264. Suppose m = 7*p - 411. What is the tens digit of p?
8
What is the tens digit of -35*(-61873)/49 - 3?
9
Let b = 1503 - -93. Suppose 1588 = 4*o - 3*g, 0*g + 5*g + b = 4*o. What is the tens digit of o?
9
Let i(k) = k**3 + 63*k**2 - 341*k - 1. What is the tens digit of i(-64)?
2
Let o = 8700 - -781. What is the units digit of o?
1
Suppose 5*s + 9 = -4*w, -2*s - 22 + 0 = -3*w. Suppose i + w*t = 331, -5*i + 560 = -2*t - 985. What is the tens digit of i?
1
Suppose 0 = -245*x + 243*x - 212736. What is the units digit of 4/26 + x/(-156)?
2
Let y(x) = -x**3 - 9*x**2 - 3*x - 13. Let v be y(-9). Suppose 0 = 10*i - 394 - 1306. Let w = i - v. What is the units digit of w?
6
Suppose 2*y - 45700 = -3*y. What is the tens digit of y?
4
Suppose -12*r = -3*r + 9. Let f be -4 + (-57 + 0)/r. Suppose 0 = -a + 219 - f. What is the hundreds digit of a?
1
Let z(u) = -3*u**3 - 14*u**2 + 36*u + 507. What is the units digit of z(-19)?
6
Let x = 9143 - 1794. What is the units digit of x?
9
Suppose 239*y - 147*y = 713736. What is the thousands digit of y?
7
Suppose 0 = -3*n + 11*n - 64. Suppose -3*z = -3*b + 381, -371 = n*b - 11*b + 5*z. What is the units digit of b?
2
Suppose -209454 = -4*p + 5*w, 0 = -4*w + 162 - 170. What is the hundreds digit of p?
3
Let j = 13173 + 5408. What is the thousands digit of j?
8
Let t = 5204 + 576. Suppose 14*u - t = 9*u. What is the hundreds digit of u?
1
Let z = 124 + -122. Suppose -2*o - z*w + 340 = -w, 5*o = -4*w + 844. What is the units digit of o?
2
Suppose 8 = o + 3*n, -12*o + 4 = -7*o - 3*n. Let u be (-111)/(-21) - (-2)/(-7). What is the tens digit of (-2312)/(-20) + o/u?
1
What is the units digit of -5 - ((-15)/(-10)*1 - (-141219)/(-18))?
9
What is the hundreds digit of ((-76110)/22)/(-1) - 600/1100?
4
Suppose k + 25 = 6*k. Suppose 12 = -4*p, 3*p + 57 = k*r - p. What is the tens digit of ((-12)/r)/(5/(-180))?
4
Let a(l) = 14*l**2 + 8*l - 22. Let n(f) = -f**3 + 19*f**2 - 35*f + 22. Let j be n(17). What is the hundreds digit of a(j)?
3
Suppose 38181 = 20*b - 2899. What is the hundreds digit of b?
0
Let l = 1789 - 1246. Let o = l + -163. What is the units digit of o?
0
Suppose -2*p = 5*g - 38686, 4*p + 4*g - 80824 + 3428 = 0. What is the units digit of p?
3
Let a(k) = 18*k + 57. Let z be ((-256)/48)/(4/(-6)). What is the hundreds digit of a(z)?
2
Suppose 0 = -5*v - 833 + 5928. Let p = v + -552. What is the tens digit of p?
6
Let v(q) = 10*q - 38*q - 19 + 0 - 32. What is the units digit of v(-14)?
1
Suppose 13212 + 17324 = 11*h. Let q = -1717 + h. What is the tens digit of q?
5
Let a(j) = -260*j**2 - 2*j. Let d be a(1). Let t = -98 - d. Suppose 2*q - 84 = -2*z - q, -3*z + 5*q + t = 0. What is the tens digit of z?